{"id":675,"date":"2020-06-11T13:30:24","date_gmt":"2020-06-11T12:30:24","guid":{"rendered":"https:\/\/www.tallerespratisa.com\/web\/?page_id=675"},"modified":"2020-06-11T15:38:32","modified_gmt":"2020-06-11T14:38:32","slug":"contacto-2","status":"publish","type":"page","link":"https:\/\/www.tallerespratisa.com\/web\/es\/contacto-2\/","title":{"rendered":"Contacto"},"content":{"rendered":"\n<div class=\"wpcf7 no-js\" id=\"wpcf7-f55-o1\" lang=\"es-ES\" dir=\"ltr\" data-wpcf7-id=\"55\">\n<div class=\"screen-reader-response\"><p role=\"status\" aria-live=\"polite\" aria-atomic=\"true\"><\/p> <ul><\/ul><\/div>\n<form action=\"\/web\/wp-json\/wp\/v2\/pages\/675#wpcf7-f55-o1\" method=\"post\" class=\"wpcf7-form init\" aria-label=\"Formulario de contacto\" novalidate=\"novalidate\" data-status=\"init\">\n<fieldset class=\"hidden-fields-container\"><input type=\"hidden\" name=\"_wpcf7\" value=\"55\" \/><input type=\"hidden\" name=\"_wpcf7_version\" value=\"6.1.5\" \/><input type=\"hidden\" name=\"_wpcf7_locale\" value=\"es_ES\" \/><input type=\"hidden\" name=\"_wpcf7_unit_tag\" value=\"wpcf7-f55-o1\" \/><input type=\"hidden\" name=\"_wpcf7_container_post\" value=\"0\" \/><input type=\"hidden\" name=\"_wpcf7_posted_data_hash\" value=\"\" \/>\n<\/fieldset>\n<table>\n\t<tbody>\n\t\t<tr style=\"background-color: #fff;\">\n\t\t\t<td colspan=\"5\" height=\"20\">\n\t\t\t<\/td>\n\t\t<\/tr>\n\t\t<tr style=\"background-color: #fff;\">\n\t\t\t<td>\n\t\t\t<\/td>\n\t\t\t<td colspan=\"3\" height=\"20\">\n\t\t\t\t<h5>Puedes ponerte en contacto con nosotros rellenando con tus datos este formulario, escribenos tus comentarios y en breve te contestaremos. Gracias.\n\t\t\t\t<\/h5>\n\t\t\t<\/td>\n\t\t\t<td>\n\t\t\t<\/td>\n\t\t<\/tr>\n\t\t<tr style=\"background-color: #fff;\">\n\t\t\t<td colspan=\"5\" height=\"20\">\n\t\t\t<\/td>\n\t\t<\/tr>\n\t\t<tr style=\"background-color: #fff;\">\n\t\t\t<td width=\"20\">\n\t\t\t<\/td>\n\t\t\t<td valign=\"top\">\n\t\t\t\t<p><label> Tu nombre (requerido)<br \/>\n<span class=\"wpcf7-form-control-wrap\" data-name=\"your-name\"><input size=\"40\" maxlength=\"400\" class=\"wpcf7-form-control wpcf7-text wpcf7-validates-as-required\" aria-required=\"true\" aria-invalid=\"false\" value=\"\" type=\"text\" name=\"your-name\" \/><\/span> <\/label>\n\t\t\t\t<\/p>\n\t\t\t\t<p><label> Tu correo electr\u00f3nico (requerido)<br \/>\n<span class=\"wpcf7-form-control-wrap\" data-name=\"your-email\"><input size=\"40\" maxlength=\"400\" class=\"wpcf7-form-control wpcf7-email wpcf7-validates-as-required wpcf7-text wpcf7-validates-as-email\" aria-required=\"true\" aria-invalid=\"false\" value=\"\" type=\"email\" name=\"your-email\" \/><\/span> <\/label>\n\t\t\t\t<\/p>\n\t\t\t<\/td>\n\t\t\t<td width=\"20px\">\n\t\t\t<\/td>\n\t\t\t<td>\n\t\t\t\t<p><label> Asunto<br \/>\n<span class=\"wpcf7-form-control-wrap\" data-name=\"your-subject\"><input size=\"40\" maxlength=\"400\" class=\"wpcf7-form-control wpcf7-text\" aria-invalid=\"false\" value=\"\" type=\"text\" name=\"your-subject\" \/><\/span> <\/label>\n\t\t\t\t<\/p>\n\t\t\t\t<p><label> Comentarios<br \/>\n<span class=\"wpcf7-form-control-wrap\" data-name=\"your-message\"><textarea cols=\"40\" rows=\"10\" maxlength=\"2000\" class=\"wpcf7-form-control wpcf7-textarea\" aria-invalid=\"false\" name=\"your-message\"><\/textarea><\/span> <\/label>\n\t\t\t\t<\/p>\n\t\t\t<\/td>\n\t\t\t<td width=\"20\">\n\t\t\t<\/td>\n\t\t<\/tr>\n\t\t<tr style=\"background-color: #fff;\">\n\t\t\t<td colspan=\"2\">\n\t\t\t<\/td>\n\t\t\t<td colspan=\"2\">\n\t\t\t\t<p>&nbsp;&nbsp;&nbsp;&nbsp;<input class=\"wpcf7-form-control wpcf7-submit has-spinner\" type=\"submit\" value=\"Enviar\" \/>\n\t\t\t\t<\/p>\n\t\t\t<\/td>\n\t\t\t<td>\n\t\t\t<\/td>\n\t\t<\/tr>\n\t<\/tbody>\n<\/table><p style=\"display: none !important;\" class=\"akismet-fields-container\" data-prefix=\"_wpcf7_ak_\"><label>&#916;<textarea name=\"_wpcf7_ak_hp_textarea\" cols=\"45\" rows=\"8\" maxlength=\"100\"><\/textarea><\/label><input type=\"hidden\" id=\"ak_js_1\" name=\"_wpcf7_ak_js\" value=\"17\"\/><script>\ndocument.getElementById( \"ak_js_1\" ).setAttribute( \"value\", ( new Date() ).getTime() );\n<\/script>\n<\/p><div class=\"wpcf7-response-output\" aria-hidden=\"true\"><\/div>\n<\/form>\n<\/div>\n\n\n\n\n<div style=\"height:100px\" aria-hidden=\"true\" class=\"wp-block-spacer\"><\/div>\n\n\n\n<div class=\"wp-block-columns is-layout-flex wp-container-core-columns-is-layout-9d6595d7 wp-block-columns-is-layout-flex\">\n<div class=\"wp-block-column is-layout-flow wp-block-column-is-layout-flow\" style=\"flex-basis:66.66%\">\n<div class=\"wp-block-jetpack-map\" data-map-id=\"jp-map-1\" data-map-provider=\"mapbox\" data-api-key=\"pk.eyJ1IjoibW90cmlvcHJhdGlzYSIsImEiOiJja2JhcGI4ZXUwOHByMnFuMXRxYmNhb21iIn0.jctPRNyDxpKdFLT-gwoQug\" data-map-style=\"default\"><ul><li><a href=\"https:\/\/www.google.com\/maps\/search\/?api=1&amp;query=41.50361,1.81361\">Masquefa<\/a><\/li><\/ul><\/div>\n<\/div>\n\n\n\n<div class=\"wp-block-column is-layout-flow wp-block-column-is-layout-flow\" style=\"flex-basis:33.33%\">\n<h2 class=\"has-very-light-gray-color has-text-color wp-block-heading\">Talleres Pratisa S.L.<\/h2>\n\n\n\n<p class=\"has-background has-very-light-gray-background-color\"><strong>c\/ D\u00eddac toldr\u00e0, 25 \u2013 Masquefa<\/strong><\/p>\n\n\n\n<p class=\"has-background has-very-light-gray-background-color\"><br>La empresa est\u00e1 situada a 38 Km. de Barcelona, en un \u00e1rea econ\u00f3mica que progresivamente se ha ido transformando de agr\u00edcola a industrial, sin tensiones laborales ni problemas graves de empleo.<br>Las comunicaciones por carretera son excelentes, a 10 Km de la salida Martorell de la autopista A-2, Barcelona-Zaragoza.<br><br><\/p>\n<\/div>\n<\/div>\n","protected":false},"excerpt":{"rendered":"<p>Talleres Pratisa S.L. c\/ D\u00eddac toldr\u00e0, 25 \u2013 Masquefa La empresa est\u00e1 situada a 38 Km. de Barcelona, en un \u00e1rea econ\u00f3mica que progresivamente se ha ido transformando de agr\u00edcola a industrial, sin tensiones laborales ni problemas graves de empleo.Las comunicaciones por carretera son excelentes, a 10 Km de la salida Martorell de la autopista<br \/><a class=\"ferry_excerpt_more_button\" href=\"https:\/\/www.tallerespratisa.com\/web\/es\/contacto-2\/\">Leer m\u00e1s<\/a><\/p>\n","protected":false},"author":1,"featured_media":0,"parent":0,"menu_order":0,"comment_status":"closed","ping_status":"closed","template":"templates\/fullwidth.php","meta":{"jetpack_post_was_ever_published":false,"footnotes":""},"class_list":["post-675","page","type-page","status-publish","hentry"],"jetpack_sharing_enabled":true,"jetpack_shortlink":"https:\/\/wp.me\/Pc5SVJ-aT","_links":{"self":[{"href":"https:\/\/www.tallerespratisa.com\/web\/wp-json\/wp\/v2\/pages\/675","targetHints":{"allow":["GET"]}}],"collection":[{"href":"https:\/\/www.tallerespratisa.com\/web\/wp-json\/wp\/v2\/pages"}],"about":[{"href":"https:\/\/www.tallerespratisa.com\/web\/wp-json\/wp\/v2\/types\/page"}],"author":[{"embeddable":true,"href":"https:\/\/www.tallerespratisa.com\/web\/wp-json\/wp\/v2\/users\/1"}],"replies":[{"embeddable":true,"href":"https:\/\/www.tallerespratisa.com\/web\/wp-json\/wp\/v2\/comments?post=675"}],"version-history":[{"count":5,"href":"https:\/\/www.tallerespratisa.com\/web\/wp-json\/wp\/v2\/pages\/675\/revisions"}],"predecessor-version":[{"id":704,"href":"https:\/\/www.tallerespratisa.com\/web\/wp-json\/wp\/v2\/pages\/675\/revisions\/704"}],"wp:attachment":[{"href":"https:\/\/www.tallerespratisa.com\/web\/wp-json\/wp\/v2\/media?parent=675"}],"curies":[{"name":"wp","href":"https:\/\/api.w.org\/{rel}","templated":true}]}}